 -4*y + 9, y = 3*r - 2. Let m(g) = -6*g**2 + 71*g**3 + 5*g + 2 - y - 70*g**3. What is m(5)?
1
Let y be 2/(-5)*(-25)/60. Let k(g) be the third derivative of -9*g**2 + 1/4*g**4 + 0*g + 0 + y*g**3. Calculate k(-1).
-5
Let d(p) = 4*p + 7. Let k(t) be the third derivative of 0*t + 1/24*t**4 + 0 + 9*t**2 + 0*t**3. Let y(b) = d(b) - 3*k(b). What is y(-5)?
2
Suppose 2*j = -2*n + 6*j + 20, 2*n - 16 = 3*j. Let v(m) = 9*m**2 + 1 + 0 + 0 + 3*m**n. What is v(-1)?
13
Let b(f) = -3 + 3 - 8*f - f + 10*f. Determine b(4).
4
Let b(p) = -p**3 + 5*p**2 + 2*p - 6. Let j be b(3). Let z = 19 - j. Let l(y) = 5*y + 1. Calculate l(z).
6
Let k(r) = -r**3 + 4*r**2 + 7*r - 4. Let o be (55/(-2))/((-2)/4). Suppose o + 9 = 4*x. Suppose v - x = -4*y, -y + v + v = -13. Give k(y).
6
Let p(d) be the second derivative of -d**5/20 - d**4/2 + 2*d**2 + 69*d. Give p(-6).
4
Let y(f) = -12*f**2 - 11*f**2 + 1 - 7*f**2 + 46*f**2 - 15*f - 17*f**2. Calculate y(-16).
-15
Let c(i) = 4*i**3 - 2*i + 1. Let t be -5 + 7*42/49. Determine c(t).
3
Let q(n) = -11 + 5*n**2 + 4*n + 0*n**2 - 5*n**2 + 2*n**2. Calculate q(2).
5
Let y(q) = -3*q + 10. Suppose -t = 5*z - 31, 0 = -3*z + z - 4*t + 16. Give y(z).
-8
Let o(l) = -14*l - 5. Let x(j) = -12*j - 4. Let w(m) = 5*o(m) - 6*x(m). Determine w(6).
11
Let k(f) = f**3 + 9*f**2 - 10*f - 5. Let i be 1*(4 + 1)*-2. Give k(i).
-5
Let y(x) = -x**2 + 2*x + 3. Suppose 0*q - q - t - 7 = 0, 0 = -3*q - t - 11. Let r be 3 - q*(-4)/(-8). What is y(r)?
-5
Let h be (1 + -1)/(-1 - -2). Let w(z) = z**2 + 12*z - 84. Let y be w(5). Suppose -3*a + x - y = -2, h = -2*a + 3*x - 4. Let t(g) = -6*g**2 - 1. Give t(a).
-7
Let v(k) = k**3 + 7*k**2 - 2*k - 5. Suppose 8*p - 5 + 53 = 0. Let d be 0 + p/((-24)/(-28)). Give v(d).
9
Let g(n) = n**2 + 5*n - 1. Let q(l) = -l**2 - 3*l + 35. Let s be q(-8). Determine g(s).
-1
Let b(u) = -2*u + 26. Let m be b(21). Let d(l) = l**2 + 17*l + 15. What is d(m)?
-1
Suppose -210*w + 219*w - 18 = 0. Let f(h) = 7*h + 3. Determine f(w).
17
Let f(r) be the first derivative of 4*r**3/3 - 2*r + 96. Give f(-3).
34
Let o(i) be the second derivative of i**3/2 + 15*i**2/2 + 539*i. Calculate o(-8).
-9
Let l(d) = -d - 8. Let v = 127 + -123. Let w be (-2)/v - (45/(-10))/9. Calculate l(w).
-8
Let x(f) be the third derivative of -2/3*f**3 + 0*f**4 - 16*f**2 + 1/60*f**5 + 0*f + 0. Determine x(-4).
12
Let k = -83 + 85. Let a(l) = 11*l**2 - 13*l + 9. Let y(u) = -5*u**2 + 6*u - 4. Let g(p) = 2*a(p) + 5*y(p). What is g(k)?
-6
Let s(b) = 3*b - 14. Let w(z) = -2*z + 1. Let j(r) = -s(r) - w(r). Determine j(6).
7
Let q(c) = 3*c + 19. Let l(f) = 2*f**3 - 11*f**2 - 40. Let k be l(6). Give q(k).
7
Let w(u) = 2*u + 1. Let b(c) = -2*c. Let h(z) = 6*b(z) + 4*w(z). Suppose 33 = -8*g + 1. Give h(g).
20
Let i(t) = -t**2 - t - 3. Suppose -18*d = -15*d. What is i(d)?
-3
Let x(k) = k + 5. Let q(b) = -b**3 - 4*b**2 - 2*b. Let s be q(-3). Let u be x(s). Let h(j) = u*j**2 + 0 + 3*j - 1 + 1. Calculate h(-3).
9
Let h(s) = s**2 - 3*s - 4. Let r be h(5). Suppose -r = -w - 1. Let f(a) = -a**2 + 3 + a + 1 + 3*a. What is f(w)?
-1
Suppose 12 = -6*v + 3*v. Let k(u) = u**2 - 5*u. Let g(y) be the first derivative of y**3 - 7*y**2 - y + 11. Let x(o) = v*g(o) + 11*k(o). Determine x(4).
-8
Let x = 50 - 25. Suppose 2*w = u + w, -4*u + x = w. Let i(n) = -n**2 + 4*n - 3. Determine i(u).
-8
Let t(h) be the third derivative of 3/8*h**4 - 3/2*h**3 + 1/120*h**6 - 6*h**2 + 0*h - 2/15*h**5 + 0. Calculate t(7).
5
Let s = -1237 - -1232. Let m(c) be the first derivative of -c**3/3 - 7*c**2/2 - 4*c + 1. What is m(s)?
6
Let w be 22/(-5) - 2/(-5). Let f(s) = -24*s**2 - 25*s - 34. Let v(r) = 13*r**2 + 13*r + 18. Let x(l) = -6*f(l) - 11*v(l). Determine x(w).
-6
Let z(b) = -b**2 - b - 6. Let d(t) = t**3 - 7*t**2 - 8*t - 2. Let y be d(8). Let k = y + 2. Suppose k*m = -2*m. What is z(m)?
-6
Let c(f) be the third derivative of f**5/60 - 5*f**4/24 - 7*f**3/6 - 84*f**2. Let v = 5 - 0. Suppose 25 = v*b - 5. Determine c(b).
-1
Let d be (-16)/24*6/4. Let t(k) = -28*k**2. What is t(d)?
-28
Let v(k) = 27*k - 154. Let s be v(6). Let n(o) = o**3 - 9*o**2 + 9*o - 10. Give n(s).
-2
Let a(q) = 25*q + 8. Let i(b) = -21*b - 7. Let n(v) = -5*a(v) - 6*i(v). Suppose -6 = 3*f - 3. Give n(f).
1
Let h(p) = -72*p**2 + 38*p**2 + 33*p**2 - 4 - 10*p - 5 + 3. What is h(-6)?
18
Let v(x) = 2*x**3 - 6*x + 2*x**2 + 387 - x**3 - 393. What is v(-4)?
-14
Let f(d) = 3*d**3 + d**2. Suppose 2*k = 10*k - 16. Suppose 0 + 5 = -4*n - v, -2*n + 4*v + k = 0. Give f(n).
-2
Let c(m) be the third derivative of -m**6/60 - m**5/30 + m**3/6 - 275*m**2. What is c(2)?
-23
Let i(h) = 3617*h**2 + 35*h**3 - 3617*h**2 - h. Calculate i(-1).
-34
Let h = -228 + 231. Let q(j) be the first derivative of 2*j**2 + 1/3*j**h - 2 - 5*j. Give q(-4).
-5
Let d(m) be the second derivative of -m**5/20 - m**4/6 + m**3/3 + 2*m**2 + 154*m. Determine d(0).
4
Suppose -75 - 30 = -44*l - 17. Let m(i) be the second derivative of i**3/6 + i**2/2 - i. Give m(l).
3
Suppose l - 3*l = 8. Let i(n) = n**2 + n - 1. Let z(k) be the second derivative of 5*k**4/12 + 4*k**3/3 + k**2 + 5*k. Let b(u) = l*i(u) + z(u). Give b(-4).
6
Suppose 27*f - 104 = 19*f. Suppose 3*x + 5*z = f, -3*z - 13 = 2*x - 4*z. Let q(a) = -a**2 - 2*a + 2. Calculate q(x).
-6
Let o = -27 + 31. Suppose -2*b = -o*m + 6, 3*b - 4*m + 8 = m. Let l(t) = -22*t**2 + t. Calculate l(b).
-23
Let r(k) = k + 8. Suppose 0 = -4*m + 11 - 35. Give r(m).
2
Let k(b) = -8*b**2 + b + 1. Let q = -94 + 128. Suppose 20*l = -q + 14. Determine k(l).
-8
Let m(x) = x**2 + 8*x - 40. Let d be -5*65/30 + (-1)/6. Let l be m(d). Let q(c) = c**3 + 8*c**2 + 8*c + 9. What is q(l)?
2
Let a(d) = -d**3 + 7*d**2 - 4*d - 17. Suppose 3*o + 9 = n, -133*n - 17 = -135*n + 5*o. Give a(n).
-5
Suppose 22*t + 57 = -185. Let u(w) = w**3 + 12*w**2 + 11*w + 5. What is u(t)?
5
Suppose 5*x - 15 - 17 = -4*i, -x + 1 = -i. Let n(v) = 8*v**i + 10*v**3 - 3 - 24*v**3 + 2*v**2 + 7*v**3 - 4*v. Determine n(-3).
0
Let y = 145 + -89. Let d be (-32)/y*(-7)/2. Let m(x) = 11*x - 3 - x**d + 7 - 3*x - 10. What is m(6)?
6
Let y(i) = -516 + 258 + i + 257. Determine y(4).
3
Let w(p) = -p + 15. Let m be w(11). Suppose 4*x = -m, -g - 10 = 2*x - 30. Let i = g + -22. Let q(h) = -h - 6. Determine q(i).
-6
Let f(d) be the third derivative of 1/3*d**4 + 0 + 0*d + 1/6*d**3 + 12*d**2. Suppose -4*y + 16 = 4*s, 4*y - 3*s + 5*s - 6 = 0. What is f(y)?
-7
Let i(l) = 2*l**2. Let u(c) = -7*c**2 + 2*c - 4. Let a(q) = 4*i(q) + u(q). Calculate a(-4).
4
Let p(z) = -2*z + 5. Let f(d) = 5*d - 19. Let i(j) = f(j) + 2*p(j). What is i(2)?
-7
Suppose -36*t + 38*t + u + 5 = 0, -5*t + 4*u = 45. Let x(p) = -2*p**2 - 4*p + 1. What is x(t)?
-29
Let t be 1 - 66/15 - 10/(-25). Let l(n) = 21*n + 21. Let s(u) = u + 1. Let m(h) = -l(h) + 18*s(h). Determine m(t).
6
Let i(h) = 2*h - 5. Let y(n) = -1. Let g(j) = -2*j + 6. Let v(f) = g(f) + 2*y(f). Let a be v(0). Calculate i(a).
3
Let z(o) = o**3 - 6*o**2 + o - 4. Suppose 18*i - 4*i - 84 = 0. What is z(i)?
2
Let c(m) = -m**2 - 3*m. Let b be c(-4). Let f(r) be the second derivative of -5/12*r**4 + 0 - 1/2*r**2 - r**3 + 16*r - 1/20*r**5. Give f(b).
7
Suppose 2*k = 1 + 1. Let p(c) = -2 + 3 + 6*c - 5*c**2 - 8*c. Give p(k).
-6
Let r(q) = q + 7. Let a be r(-6). Let i(y) be the second derivative of -3*y**3 + y**2/2 + 8*y - 2. Calculate i(a).
-17
Let j(l) = l + 9 - 4*l + 4*l - 18. Let z be j(7). Let m(h) = -4*h + 3. Let g(p) = 7*p - 5. Let n(u) = -3*g(u) - 5*m(u). Give n(z).
2
Let d(v) = -v**2 - v. Suppose 1 = -f - 5*a + 4, 0 = 5*f - 4*a + 14. Let i be d(f). Let u(w) = -w**3 - 4*w**2 + w + 2. What is u(i)?
-8
Let l(n) = n**2 + 4*n + 1. Let h be 6*(-4)/(-48) - 18/4. Give l(h).
1
Let q = 180 + -351/2. Let h(f) be the second derivative of q*f**2 - 4*f - 1/12*f**4 + 0*f**3 + 0. Calculate h(0).
9
Let l = -29 + 35. Suppose l*y + y + 42 = 0. Let f be (1 + -3)*(-3)/y. Let r(z) = 2*z - 1. Give r(f).
-3
Let l be (-19)/(-4) - (-6)/(-8). Let s(u) be the second derivative of -u**5/20 + u**4/3 - u**3/6 - u. Calculate s(l).
-4
Let v be (173/519)/(1/15). Let s(a) = -a**3 + 6*a + 2*a**2 + 2 + 2*a**2 - 3. What is s(v)?
4
Let u(d) = 6*d**2 - 2*d. Let a be u(1). Let q(s) = -7*s**2 - a*s + 42 + 3*s**2 - s**3 - 44. Give q(-2).
-2
Let b(c) be the first derivative of -c**2 - c + 1. Suppose 9 = -3*y - 3*f - 9, -2*y = -f + 6. What